 2*x - 2*x = 148. List the prime factors of w.
2, 7
Suppose -3*o + 5 + 1 = 0. Suppose -x + 6*x - 18 = -p, -o*p = -4*x + 20. Suppose 0 = -x*t + 333 + 131. What are the prime factors of t?
2, 29
Let s(d) = -d**3 + 8*d + 7. Let m be s(3). Suppose 2 = y + m*p - 3*p, 4*y + p = 17. Suppose y*l - l = 296. List the prime factors of l.
2, 37
Let x be -10*(1 + 3/(-15)). Let i be x/20 + 0 - (-68)/20. Suppose 2*d - 99 - 248 = 5*g, -i*d - 5*g + 533 = 0. List the prime factors of d.
2, 11
Suppose 689*m + 45520 = r + 693*m, -4*r - 5*m = -182113. List the prime factors of r.
2, 11383
Let y = -78 - -85. Suppose -2*o + y*g - 8*g + 673 = 0, -1339 = -4*o + 5*g. List the prime factors of o.
2, 3, 7
Suppose 25 = 5*g, -14*g = s - 9*g - 1504. Let l = -1035 + s. List the prime factors of l.
2, 3, 37
Let o = 258912 + 32264. What are the prime factors of (-4)/(-14) + o/476?
2, 3, 17
Suppose -5*l = -0*l + 65. Let g(m) be the third derivative of -m**5/60 - 5*m**4/8 + 13*m**3/2 + 568*m**2. List the prime factors of g(l).
5, 13
Let r(o) = 12*o + 3489. List the prime factors of r(-160).
3, 523
Let h(x) = 120*x - 199. Let i = 374 + -369. List the prime factors of h(i).
401
Let b be (-6)/(-21) - 78/(-21). Suppose 3*m - 19 = x - b, 2 = -2*m. Let y = 97 - x. List the prime factors of y.
5, 23
Suppose 11 = u + 8. Suppose u*l - 848 = 106. List the prime factors of l.
2, 3, 53
Suppose -5*v + 5678 = -v + 2*g, g = -4*v + 5677. Suppose 821 + v = 10*b. Suppose 5*p - b = 51. What are the prime factors of p?
5, 11
Suppose -1393*w + 418834 = -1304*w. List the prime factors of w.
2, 13, 181
Suppose 3*v + 3*v - 12 = 0. Suppose -v*d + 3*d = 3. Suppose d*o - 10 - 218 = 0. List the prime factors of o.
2, 19
Suppose 0 = -3*p - 5*r + 51219, 5*p - r - 104321 = -18984. What are the prime factors of p?
2, 17, 251
Suppose -8657 = 9*m - 1241. Let o = 69 - m. What are the prime factors of o?
19, 47
Let z(k) = k**3 + 52*k**2 + 230*k + 181. What are the prime factors of z(-46)?
2297
Suppose 6*p - 43 = 905. Let t(v) = v**3 - v**2 - 2*v + 2. Let y be t(2). Suppose 0 = y*c - p - 82. What are the prime factors of c?
2, 3, 5
Suppose -5*t + 5*c = -40375, 2*t - 16154 = -12*c + 10*c. What are the prime factors of t?
2, 3, 673
Let b = -3005 + 23157. List the prime factors of b.
2, 11, 229
Suppose -37*t + 15 = 15. Let s(j) = -3*j**2 - 6*j + 1511. What are the prime factors of s(t)?
1511
Let v = 84854 - 10308. What are the prime factors of v?
2, 37273
What are the prime factors of ((-6866)/3)/(44/(-660))?
2, 5, 3433
Let q be 19386/16 + 63/168. Suppose 302 = -7*j + q. List the prime factors of j.
2, 5, 13
Suppose 12*f - 128 - 268 = 0. Suppose f = 4*m + 9. Suppose -m*c + 106 = -872. List the prime factors of c.
163
Suppose 515 = h + 3*h - 3*z, 255 = 2*h - z. List the prime factors of h/(-10)*(-82)/5.
5, 41
Let i(h) = 226*h**2 + 76*h - 442. List the prime factors of i(7).
2, 2791
Let f = -405 - -330. What are the prime factors of 568/(-3)*f/20?
2, 5, 71
Let u(l) = -871*l + 764. What are the prime factors of u(-11)?
5, 2069
Suppose 0 = 5*p - f - 39742, 0 = 4*p - 2*f - 2889 - 28907. List the prime factors of p.
2, 1987
Suppose 5*t - 2362 + 737 = 0. Let g = -70 + t. Suppose 2*d - b = -6*b + 215, 0 = -2*d + 3*b + g. List the prime factors of d.
2, 3, 5
Let m(t) = 381*t + 74. List the prime factors of m(10).
2, 971
Let b(p) = -18*p + 17 + 10*p - p**2 + 12*p. Let y be b(5). Suppose -z + 2*d = 3*z - y, 5*d - 26 = -4*z. What are the prime factors of z?
2
Suppose -4*u - 2 = 10, 4*q = 3*u + 19497. List the prime factors of q.
2, 3, 7, 29
Suppose -86*l + 11860394 = 5*l + 91*l. What are the prime factors of l?
65167
Suppose 4*q + 44 = 15*q. Suppose 10 = 3*w + q. Suppose w*k = -k + 93. List the prime factors of k.
31
Let k = -242 - -241. Let l(b) = -770*b**3 - 3*b**2 - 2*b - 1. List the prime factors of l(k).
2, 3
Let m = 365 - 362. List the prime factors of 686 - 4*(9 + -5 - m).
2, 11, 31
Let j(c) = c**3 + 10*c**2 - c - 4. Let m be j(-10). Suppose 12*v = m*v + 1080. List the prime factors of v.
2, 3, 5
Suppose -8*w + 13*w + 909510 = 20*w. List the prime factors of w.
2, 7, 61, 71
Suppose 0 = -4*u - 3*g - 548, 5*g - 254 = 5*u + 396. Let j = u + 652. List the prime factors of j.
2, 7, 37
Suppose 0*j - 3*j = 3*j. Let i be (-16)/28*(j - 7). List the prime factors of (-3)/i - (-1161)/12.
2, 3
Let f be (-59 + 0)*(-7 + 6). Suppose 423 = 5*p - 192. Let w = p - f. What are the prime factors of w?
2
Let f(q) = 74*q**2 - 2*q + 2. What are the prime factors of f(-3)?
2, 337
Suppose 30*r = -2*g + 24*r + 29128, g = 5*r + 14540. What are the prime factors of g?
5, 41, 71
Let d be ((-192)/3 - (-1 - -3)) + 0. Let c = 103 + d. Suppose 4*v - 221 = -c. What are the prime factors of v?
2, 23
Let u be 3*60/54 + (-4)/(-6). Suppose -u*n - 424 = -3*l + l, -12 = -3*n. Let f = l - 52. List the prime factors of f.
2, 3, 7
Suppose 0*x + 3844 = -2*x. List the prime factors of (x/155)/((-2)/5).
31
List the prime factors of 5 - (29/(203/(-143402)) - 1/(-1)).
2, 3, 5, 683
Let p(h) = h**3 + 38*h**2 - 67*h + 56. List the prime factors of p(-32).
2, 7, 149
Let k = 138920 + -98026. List the prime factors of k.
2, 7, 23, 127
Suppose 3*v - 4954 = 1865. Let l = v + -1031. What are the prime factors of l?
2, 3, 23
Let l(s) = -100*s - 8. Let x be l(-1). Let n = x - 22. What are the prime factors of n?
2, 5, 7
Suppose 3*a = -p + 112, p - 78 - 34 = -a. List the prime factors of p.
2, 7
Let q = 134 + 211. Suppose -3*d - 343 = -a, 2*d + 0*d + q = a. What are the prime factors of a?
349
Let i(w) = 140*w + 2. Let t be i(5). Let s = t - 463. Let x = s - 152. What are the prime factors of x?
3, 29
Let k(u) = -3*u**3 - 5*u**2 + 11*u + 2. Let z be k(-8). Suppose -2*p = 3*c - 2654, 5*p - 2397 = -4*c + z. List the prime factors of c.
2, 3, 37
Let f(y) = -14*y + 157. Let l be f(11). Suppose -4 = 6*h - 8*h. Suppose 0 = -a - 5*z + 183, a + 215 = h*a - l*z. List the prime factors of a.
7, 29
Let r(s) = 1221*s**3 + 1. Let q be r(-1). Let k be ((29 + -15)/(-42))/(1/(-3)). List the prime factors of (-1)/(k + q/1215).
3
Let q be (-24)/(0 + -6) + -2. Suppose -2*p + 6 = q*i - 18, -2*i + 49 = -3*p. List the prime factors of i.
17
Let s = 375 - 367. Suppose 0 = 3*o + 3*g - s*g - 97, 141 = 4*o + 5*g. List the prime factors of o.
2, 17
Let g(z) = 2*z**3 - 34*z**2 + 21*z - 7. Let q(r) = -r**3 + 17*r**2 - 11*r + 3. Let p(d) = 2*g(d) + 5*q(d). What are the prime factors of p(16)?
7
What are the prime factors of 87*((-4)/18 + 4487/63)?
3, 29, 71
Let a(v) = -v**3 + 69*v**2 + 369*v + 153. Let i be a(74). Let m = 97 - 51. Let x = i - m. List the prime factors of x.
3, 11
Suppose -1534 = -5*j + 1021. Suppose -5*w + 564 = -5*m - j, 5*m - 10 = 0. List the prime factors of w.
7, 31
Let h(i) = -i**3 - 4*i**2 - 4*i. Let d be h(-2). Let x(a) = -17*a + 26*a - 7*a + 252. List the prime factors of x(d).
2, 3, 7
Let t = -100327 - -173274. What are the prime factors of t?
7, 17, 613
List the prime factors of (-2)/7 + 0 - 2003*(-115)/35.
6581
What are the prime factors of -1 + 2 - -7*(-1224367)/(-259)?
2, 8273
Suppose y - 18*k = -20*k + 2, 2*k = 2*y + 26. Let q be 6*(1 + (-14)/6). What are the prime factors of y/(-32) - 182/q?
23
Let q = -62 - -221. Let h = q - 48. Let k = -95 + h. List the prime factors of k.
2
Suppose 12*k - 51 - 189 = 0. Suppose 5 = 5*s, -4*d + 2*d + 4*s = -k. Let x = 56 - d. What are the prime factors of x?
2, 11
List the prime factors of (13316/(-14) + 4)/(203/(-49) - -4).
2, 3, 5, 13, 17
Suppose -138736 = -105*a + 151904. What are the prime factors of a?
2, 173
Suppose -n - 2745 = -5*v + 12379, -3*n + 3012 = v. Suppose v = 5*s + 3*s. List the prime factors of s.
2, 3, 7
Let t be 1446 - 3*(5/15 - 2). Suppose -v - 2*o + 441 = -26, -4*o = -3*v + t. List the prime factors of v.
3, 53
Suppose 280*v - 2*f = 284*v - 19984, 3*v - 14989 = -2*f. List the prime factors of v.
3, 5, 37
Let l(n) = -n**3 + 12*n**2 - 15*n + 20. Let h be l(9). Suppose 224 + 156 = 4*o. Suppose -q = 4, -2*q - h - o = -5*k. List the prime factors of k.
43
Suppose 2*k - 5*k = 456. Let c = -3214 + 3572. Let q = k + c. List the prime factors of q.
2, 103
Let m = -272 + 279. Let w(y) = y - 1. Let s(p) = 3*p - 6. Let o(n) = -s(n) + 5*w(n). What are the prime factors of o(m)?
3, 5
Suppose 0 = 2*q + 3*q - 5*j + 40, -3*j = -5*q - 3